20809260781 a prime number?
True
Is 693477089 a composite number?
True
Is 428924311 a prime number?
True
Is 127226225639 prime?
False
Is 547240971 composite?
True
Is 1262335063 a prime number?
False
Is 1416354193 a composite number?
False
Is 8427054719 a composite number?
False
Is 138194767559 prime?
False
Is 19961681 prime?
True
Is 387578531 composite?
True
Is 121652254697 a composite number?
True
Is 17908203347 a composite number?
True
Is 13217384567 composite?
True
Is 1110872203 prime?
False
Is 5126637751 prime?
True
Is 7411277491 composite?
False
Is 71166664097 prime?
False
Is 1222408685 prime?
False
Is 268883666717 a prime number?
True
Is 5073234757 composite?
False
Is 857901907 composite?
True
Is 9766562123 composite?
True
Is 1302171569 composite?
False
Is 2099509 prime?
False
Is 4006575557 a prime number?
True
Is 287514635 prime?
False
Is 9634310333 prime?
True
Is 7353460691 a prime number?
True
Is 265428083 a composite number?
True
Is 1052243653 a composite number?
False
Is 4698292922 a prime number?
False
Is 3586438523 a prime number?
True
Is 2399926505 composite?
True
Is 48660503 prime?
True
Is 20770234777 prime?
True
Is 754276603 composite?
True
Is 552653557 composite?
True
Is 1859196257 a prime number?
True
Is 5026999 a prime number?
False
Is 4592002826 prime?
False
Is 212825161 a prime number?
True
Is 11553686917 a composite number?
True
Is 50699342399 composite?
True
Is 192739723 prime?
False
Is 595419541 a composite number?
True
Is 1918169287 prime?
False
Is 847103749 a composite number?
False
Is 491112619 prime?
True
Is 16307593373 composite?
True
Is 594021179 composite?
True
Is 231534005127 composite?
True
Is 61321087619 a composite number?
True
Is 13258199 a composite number?
False
Is 67450222043 a prime number?
False
Is 15925273391 prime?
False
Is 19882388069 prime?
True
Is 1352686337 composite?
False
Is 16592202857 a prime number?
True
Is 6800853197 prime?
True
Is 512768173 composite?
False
Is 409711433 composite?
True
Is 63297276281 prime?
False
Is 229220087 a prime number?
True
Is 86082510509 a composite number?
True
Is 6235266113 a composite number?
True
Is 185601002947 a prime number?
True
Is 15924605129 a composite number?
False
Is 187112179 a prime number?
True
Is 1365871471 a prime number?
True
Is 2316529049 prime?
True
Is 163415530973 a composite number?
True
Is 129115310833 a prime number?
True
Is 2597965871 a prime number?
False
Is 1264640899 a prime number?
False
Is 74398642139 a composite number?
False
Is 136846441 a composite number?
True
Is 484958879 a prime number?
True
Is 574251751 a prime number?
True
Is 3789578893 a prime number?
False
Is 3281914997 a composite number?
False
Is 224526833 a composite number?
True
Is 4990910219 prime?
True
Is 7479449297 prime?
False
Is 4225326121 a prime number?
True
Is 3509133431 composite?
False
Is 941308219 a prime number?
False
Is 40905051905 a composite number?
True
Is 9093209857 a composite number?
True
Is 13151632358 composite?
True
Is 1021460761 composite?
True
Is 10018516246 prime?
False
Is 12185708462 composite?
True
Is 5909048053 prime?
False
Is 37814480474 a composite number?
True
Is 3069129197 a prime number?
True
Is 1585852627 composite?
True
Is 127667062707 a composite number?
True
Is 186456121799 prime?
True
Is 1336617043 prime?
True
Is 5193204337 a composite number?
True
Is 1684391921 a composite number?
True
Is 3409965677 composite?
False
Is 9806692795 a composite number?
True
Is 246724879 composite?
True
Is 23003644981 prime?
True
Is 19956812297 composite?
True
Is 2937564809 composite?
False
Is 666793031 a prime number?
False
Is 838510483 a composite number?
True
Is 74845273681 a composite number?
False
Is 769238629 a composite number?
True
Is 1727511101 a composite number?
False
Is 21395854283 a composite number?
True
Is 174930089 a composite number?
False
Is 18575615017 composite?
True
Is 76676557747 prime?
True
Is 634537469 a prime number?
False
Is 25040506769 composite?
True
Is 22806534137 a prime number?
False
Is 14381372737 a prime number?
True
Is 776597209 composite?
False
Is 359277091 composite?
False
Is 11198887899 composite?
True
Is 22326550243 composite?
False
Is 1352911877 a composite number?
True
Is 6847566521 a prime number?
False
Is 6770175943 a prime number?
True
Is 18945161659 a composite number?
True
Is 1810569263 composite?
True
Is 492031583 a prime number?
True
Is 6761143793 a composite number?
True
Is 1253488351 a composite number?
False
Is 149145838199 prime?
True
Is 162783983 a prime number?
False
Is 52273080127 a prime number?
True
Is 16734089 composite?
False
Is 4545983633 prime?
False
Is 15048376007 composite?
True
Is 1157445841 prime?
True
Is 794801681 a composite number?
True
Is 2255883437 a composite number?
False
Is 735180071 a prime number?
False
Is 1784779453 composite?
False
Is 10068475631 a prime number?
False
Is 1648586353 a composite number?
False
Is 33419363171 prime?
False
Is 48413283819 composite?
True
Is 4396377833 prime?
False
Is 35063841473 a prime number?
False
Is 24145223903 composite?
True
Is 8109382843 composite?
False
Is 124064591983 a composite number?
False
Is 39421197391 prime?
True
Is 365940899 composite?
False
Is 13584154087 a prime number?
False
Is 7643104277 a composite number?
False
Is 4221592963 prime?
False
Is 6417465619 a prime number?
False
Is 263898001 prime?
True
Is 84934853 composite?
False
Is 1186407953 prime?
True
Is 925789811 composite?
True
Is 257400462037 a prime number?
False
Is 1784183537 prime?
True
Is 215830430185 a prime number?
False
Is 7448875219 composite?
False
Is 34956595129 a prime number?
False
Is 8168245783 prime?
False
Is 154734143137 a composite number?
True
Is 69377636753 composite?
False
Is 16745167337 a prime number?
False
Is 2669655463 prime?
True
Is 6242292941 composite?
True
Is 100048001 composite?
False
Is 74464808191 prime?
True
Is 244121599 a composite number?
True
Is 55634334257 a composite number?
False
Is 220744567 composite?
False
Is 1150975861 prime?
False
Is 339397349 prime?
True
Is 316744913 composite?
False
Is 152734367 a prime number?
True
Is 14058642023 composite?
False
Is 3258080219 a prime number?
True
Is 37835010313 composite?
False
Is 209186343649 prime?
True
Is 191862184873 a composite number?
True
Is 1694590207 a composite number?
True
Is 32887445 a composite number?
True
Is 2338879093 a prime number?
False
Is 121955038871 prime?
False
Is 4005904061 a prime number?
False
Is 864473173 a composite number?
False
Is 22526720071 a prime number?
False
Is 132660505187 prime?
False
Is 5029484983 prime?
False
Is 1852273009 a composite number?
False
Is 117923093059 a composite number?
True
Is 2842908527 a prime number?
False
Is 2309669267 prime?
True
Is 6684742481 a composite number?
True
Is 3007705037 composite?
True
Is 7553519443 composite?
False
Is 48322586047 composite?
False
Is 46662529819 composite?
False
Is 805023979 composite?
True
Is 695317147 a prime number?
False
Is 17158766407 a prime number?
False
Is 98547859 a composite number?
True
Is 323911051 composite?
False
Is 1947047369 a prime number?
True
Is 2593459481 a composite number?
False
Is 6190226033 a prime number?
True
Is 6084923963 composite?
False
Is 3588120115 a composite number?
True
Is 11127742691 a prime number?
False
Is 5742456917 prime?
False
Is 2292670537 composite?
False
Is 6297651509 composite?
True
Is 281195483 composite?
False
Is 1844803507 composite?
False
Is 18306434903 a composite number?
False
Is 76062691 composite?
False
Is 354928699 a composite number?
True
Is 312710177 prime?
False
Is 4385633 a composite number?
True
Is 439187443 a composite number?
True
Is 814240579 composite?
False
Is 715812299 a prime number?
False
Is 120250182923 composite?
True
Is 426182543 prime?
False
Is 63526605481 composite?
True
Is 38466199621 prime?
True
Is 3083558677 a composite number?
True
Is 17594724113 composite?
False
Is 1640866361 a prime number?
True
Is 1398637081 a composite number?
False
Is 41303987509 prime?
True
Is 31324136339 a composite number?
True
Is 416333759 a composite number?
True
Is 4168434139 a prime number?
True
Is 93997507 composite?
False
Is 3950537011 composite?
False
Is 10216807963 prime?
True
Is 19132536977 composite?
False
Is 188480425613 a prime number?
True
Is 301